
3, 1699853
What are the prime factors of 6113152?
2, 163, 293
List the prime factors of 638940646.
2, 113, 241, 11731
What are the prime factors of 1850282793?
3, 47, 139, 31469
List the prime factors of 11687178.
2, 3, 607, 3209
List the prime factors of 73206399.
3, 7, 3486019
What are the prime factors of 3842328659?
13, 295563743
What are the prime factors of 582153590?
2, 5, 53, 59, 18617
List the prime factors of 1239191450.
2, 5, 7, 1487, 2381
List the prime factors of 337830527.
181, 1866467
List the prime factors of 473850355.
5, 11, 8615461
List the prime factors of 12296679.
3, 41, 257, 389
List the prime factors of 341158676.
2, 1213, 70313
List the prime factors of 671659794.
2, 3, 13, 131, 21911
What are the prime factors of 72112405?
5, 14422481
List the prime factors of 83341374.
2, 3, 23, 603923
What are the prime factors of 41688470?
2, 5, 19, 313, 701
List the prime factors of 139164296.
2, 661, 26317
What are the prime factors of 96864672?
2, 3, 1009007
What are the prime factors of 44614304?
2, 7, 37, 769
List the prime factors of 37065046.
2, 37, 47, 10657
What are the prime factors of 2570378054?
2, 29, 773, 57331
List the prime factors of 68743246.
2, 11, 13, 21851
List the prime factors of 44344957.
44344957
What are the prime factors of 38410033?
37, 28057
What are the prime factors of 58149284?
2, 71, 204751
What are the prime factors of 205872218?
2, 23, 29, 37, 43, 97
List the prime factors of 774658222.
2, 13, 569, 52363
List the prime factors of 284182455.
3, 5, 17, 29, 83, 463
List the prime factors of 1346694935.
5, 571, 471697
List the prime factors of 321380615.
5, 64276123
What are the prime factors of 221756124?
2, 3, 18479677
What are the prime factors of 6560804?
2, 1640201
What are the prime factors of 2619061084?
2, 8053, 81307
What are the prime factors of 2258434310?
2, 5, 11, 997, 20593
List the prime factors of 167614023.
3, 55871341
What are the prime factors of 1252626435?
3, 5, 29, 959867
List the prime factors of 308170021.
308170021
List the prime factors of 39690892.
2, 43, 230761
What are the prime factors of 79726059?
3, 7, 421831
List the prime factors of 515087536.
2, 179, 179849
List the prime factors of 15806276.
2, 29, 136261
What are the prime factors of 1330831229?
7, 13, 160709
What are the prime factors of 12181377?
3, 13, 312343
List the prime factors of 117827493.
3, 7, 17, 19, 29, 599
List the prime factors of 2478291812.
2, 619572953
List the prime factors of 3164934294.
2, 3, 175829683
What are the prime factors of 18753597?
3, 2083733
List the prime factors of 1502295212.
2, 11, 34143073
What are the prime factors of 169088332?
2, 7, 797, 7577
What are the prime factors of 319603026?
2, 3, 17, 29, 103, 1049
What are the prime factors of 22940549?
241, 95189
What are the prime factors of 52088947?
191, 272717
List the prime factors of 9638283.
3, 223, 14407
What are the prime factors of 308283622?
2, 47, 69779
List the prime factors of 60627854.
2, 7, 2081
What are the prime factors of 2060510150?
2, 5, 53, 777551
What are the prime factors of 4531400253?
3, 2389, 23417
What are the prime factors of 234750592?
2, 29, 63241
What are the prime factors of 5507361629?
7, 11, 47, 1521791
List the prime factors of 573034877.
317, 1087, 1663
What are the prime factors of 459921347?
179, 2569393
What are the prime factors of 59407247?
59407247
List the prime factors of 49986916.
2, 7, 83, 137, 157
List the prime factors of 231796494.
2, 3, 12877583
List the prime factors of 322971646.
2, 317, 1607
What are the prime factors of 655399696?
2, 7, 53, 15773
What are the prime factors of 1354669642?
2, 2017, 335813
What are the prime factors of 1404216607?
173, 1913, 4243
List the prime factors of 3799149945.
3, 5, 253276663
List the prime factors of 901096855.
5, 71, 2538301
List the prime factors of 1696367264.
2, 191, 277547
List the prime factors of 1255782141.
3, 137, 1018477
What are the prime factors of 1914362828?
2, 7, 47, 1454683
What are the prime factors of 947003634?
2, 3, 52611313
What are the prime factors of 1730518304?
2, 54078697
What are the prime factors of 14430073?
7, 41, 137, 367
What are the prime factors of 3476951017?
61, 56999197
List the prime factors of 92663238.
2, 3, 137, 139, 811
What are the prime factors of 341358159?
3, 29, 829, 4733
List the prime factors of 10876971.
3, 7, 61, 1213
List the prime factors of 608498121.
3, 7, 11, 53759
What are the prime factors of 2579977131?
3, 673, 1277849
What are the prime factors of 483245474?
2, 241622737
What are the prime factors of 141285820?
2, 5, 13, 543407
What are the prime factors of 3863648862?
2, 3, 103, 694651
What are the prime factors of 98371403?
13, 7567031
List the prime factors of 83733894.
2, 3, 127, 36629
What are the prime factors of 794786465?
5, 11, 17, 89, 9551
List the prime factors of 11748552.
2, 3, 59, 8297
List the prime factors of 229070449.
29, 7898981
List the prime factors of 164275659.
3, 18252851
What are the prime factors of 8953236658?
2, 19, 43, 131, 151, 277
List the prime factors of 2515454333.
7, 107, 367, 9151
What are the prime factors of 741023094?
2, 3, 7, 41, 653, 659
List the prime factors of 871183422.
2, 3, 443, 109253
List the prime factors of 426196901.
13, 32784377
What are the prime factors of 3563942820?
2, 3, 5, 29, 2048243
List the prime factors of 720875773.
37, 97, 353, 569
What are the prime factors of 6204972247?
103, 60242449
What are the prime factors of 9848098?
2, 13, 47, 8059
List the prime factors of 331876079.
1291, 257069
List the prime factors of 1090251283.
11, 43, 487, 4733
What are the prime factors of 46560793?
683, 68171
List the prime factors of 970187096.
2, 121273387
List the prime factors of 48357195.
3, 5, 3223813
List the prime factors of 2493636087.
3, 89, 227, 41143
What are the prime factors of 1169666356?
2, 109, 1579, 1699
List the prime factors of 2858195.
5, 523, 1093
What are the prime factors of 2156029601?
11, 196002691
What are the prime factors of 65011601?
65011601
What are the prime factors of 107862740?
2, 5, 1901, 2837
List the prime factors of 31610328.
2, 3, 31, 42487
List the prime factors of 2048434234.
2, 7, 11, 23, 578327
List the prime factors of 4867277680.
2, 5, 60840971
What are the prime factors of 3486872622?
2, 3, 31, 71, 229, 1153
List the prime factors of 865699970.
2, 5, 7121, 12157
What are the prime factors of 953139300?
2, 3, 5, 41, 77491
What are the prime factors of 450887663?
433, 1041311
List the prime factors of 13973916.
2, 3, 11, 105863
List the prime factors of 73495518.
2, 3, 107, 114479
What are the prime factors of 4564759?
4564759
List the prime factors of 402677759.
11, 17, 181, 11897
What are the prime factors of 295202480?
2, 5, 3690031
What are the prime factors of 876539066?
2, 13, 4729, 7129
What are the prime factors of 6169408947?
3, 13, 1733, 30427
What are the prime factors of 35953766?
2, 61, 294703
List the prime factors of 132161904.
2, 3, 7, 131113
List the prime factors of 104414818.
2, 52207409
What are the prime factors of 892579553?
41, 59, 71, 5197
List the prime factors of 29717373.
3, 7, 29, 6971
What are the prime factors of 1751687443?
11, 109, 1460957
What are the prime factors of 607461841?
7, 86780263
List the prime factors of 583789719.
3, 59, 3298247
List the prime factors of 1777871268.
2, 3, 19, 288803
List the prime factors of 4129012542.
2, 3, 113, 167, 36467
What are the prime factors of 51951245?
5, 10390249
List the prime factors of 647133846.
2, 3, 107855641
List the prime factors of 560666487.
3, 186888829
What are the prime factors of 2333151659?
16183, 144173
List the prime factors of 228388699.
7, 11, 167, 17761
List the prime factors of 4889496332.
2, 7, 587, 297487
List the prime factors of 35567057.
2729, 13033
List the prime factors of 698548253.
13, 139, 193, 2003
List the prime factors of 15819650.
2, 5, 7, 11, 587
List the prime factors of 981899415.
3, 5, 7, 346349
List the prime factors of 715295958.
2, 3, 13, 751, 12211
What are the prime factors of 27109618?
2, 19, 713411
What are the prime factors of 40881826?
2, 20440913
List the prime factors of 69298069.
17, 43, 47, 2017
What are the prime factors of 68824701?
3, 11, 97, 2389
What a